s the units digit of 2*(c - 0)*-1?
8
Let l be 6/(-27) - (-34)/(-9). Let v be l/18 + (-1295)/45. What is the tens digit of v/((-3)/3) + -2?
2
Suppose 150*j - 144*j = 6672. What is the tens digit of j?
1
What is the tens digit of 5002/16 - (-15)/40?
1
Let i(y) = y + 4. Let c(q) = q**2 - 8*q. Let a be c(8). Let j be i(a). What is the units digit of j/(-16)*2*-2?
1
Let j(p) be the third derivative of 11/24*p**4 + 0 - 1/60*p**5 + 0*p + 10*p**2 - 2*p**3. What is the units digit of j(7)?
6
Let y(v) be the first derivative of v**3/3 - v**2 + 32*v - 1. Let g be (-1)/2*(0 + 0). What is the tens digit of y(g)?
3
Let l(k) = -k + 8. Let p be l(-8). Let z = p + -12. Suppose v + 5 = h + 19, 2*v - z*h = 38. What is the units digit of v?
9
Let r(i) = 6*i**2 - 2*i + 1. Let t be r(1). Let g(a) = 61*a**2 - 7 + 3 + t - 2 + a. What is the tens digit of g(1)?
6
Suppose -m - 6*r + 3*r + 426 = 0, -m = -4*r - 412. What is the units digit of m?
0
Let o(u) = -u**3 + u**2 - u - 1. Let j(r) = -6*r**3 - 5*r**2 - 9*r + 6. Let y = -42 - -41. Let c(h) = y*j(h) + 5*o(h). What is the units digit of c(-9)?
4
Suppose 0 = -2*f + v + 320, -f + 7*v - 4*v = -150. Suppose w = f - 111. What is the tens digit of w?
5
Let z be 1 + -3*13/(-1). Let d = 72 - z. What is the tens digit of 7*(4 - d/(-28))?
3
Let h be (-1)/2 + 14/(-4) - -127. Let w = 7 + -4. Suppose -172 = -4*y + 3*i + i, -3*y = w*i - h. What is the tens digit of y?
4
Suppose 54*f = 58*f + 72. What is the units digit of 6/f - (-892)/12?
4
Suppose -17002 + 1702 = -36*r. What is the tens digit of r?
2
Let s = 75 + -1. Suppose -3*g - 3*b = -147, -4*b = -g - g + s. What is the tens digit of g?
4
Let j(s) = 9*s**3 - 12*s**2 + 24*s - 14. What is the hundreds digit of j(6)?
6
Suppose -24*a = a - 175. Let m(g) = -g**3 + 4*g + 5*g - 4 + 2*g**3 - 7*g**2. What is the units digit of m(a)?
9
Let z(o) = o - 13. Let x be z(0). Let k(b) = -5*b + 3*b**3 + 7 - 2 - 52*b**2 - 4*b**3 + 39*b**2 + 4. What is the units digit of k(x)?
4
What is the units digit of 0 - -54 - -2*(-11)/(-22)?
5
Let m be 3*12/9 + -4. Suppose 0 = -5*s - w - 28, -5*s + 5*w + 6 - 16 = m. What is the units digit of (s/10)/(3/(-432))?
2
Let c be 2/2 - 2 - 294. Let f = -211 - c. Suppose -3 = -3*j + f. What is the tens digit of j?
2
Suppose 0 = -36*d - 2678 + 27770. What is the hundreds digit of d?
6
Suppose 6 = -3*g, i - g = -442 - 1138. What is the tens digit of i/(-49) + (-2)/7?
3
What is the hundreds digit of -9 + (25586/11 - 7)?
3
Let f = -8946 + 12527. What is the tens digit of f?
8
What is the units digit of -2 + (-5)/(30/(-1812))?
0
Let o(w) = -2*w + 10. Let s be o(3). Suppose -s*l + 3*l + 12 = 0. What is the tens digit of l?
1
Let r(i) = i**2 + 14*i + 15. Let c be r(-11). What is the tens digit of (-36)/c*(-454)/(-4)?
2
Suppose x - 168 + 38 = 2*t, 3*t = 4*x - 495. Let n be x + 2 - 0/(-1). Let a = n + -78. What is the tens digit of a?
4
Suppose -113*f + 160 = -111*f. What is the tens digit of f?
8
Let z(u) = -u**3 + 5*u**2 + 6*u + 2. Let o be z(6). Let g be (-1)/(-7) + o/(-14). What is the tens digit of (-6 + g)*(-8)/3?
1
Let k(s) be the first derivative of s**3/3 + 7*s**2/2 - 4*s + 10. What is the units digit of k(-9)?
4
Let v = 110 - 106. Suppose f = -3*f - a + 217, 20 = v*a. What is the units digit of f?
3
Let o(w) = 6*w**2 + 7*w - 8. Let g = -52 + 56. What is the tens digit of o(g)?
1
Let w be 18/(-4)*(-2 - 66/(-9)). Let y(g) = 7*g + 10. Let p be y(10). Let z = w + p. What is the units digit of z?
6
Suppose 5*c = 6*c - 13. Suppose 2*p + 7 = 25. Let d = c - p. What is the units digit of d?
4
Let x(y) = -10*y + 2. Let m be x(-1). Let o = -7 + m. Suppose 0 = 2*c - o*c + 120. What is the tens digit of c?
4
Suppose -3*k - 12 = -5*k. What is the tens digit of -1 - (k/3 - 69)?
6
Suppose 2 + 4 = -b + 4*l, -2*l = -2*b - 6. Let p = 33 + b. What is the tens digit of p?
3
Let g = 835 - 197. What is the hundreds digit of g?
6
Let x = -78 + 256. Suppose -8*b = -5*b - 4*m - x, 0 = 4*b + 5*m - 289. What is the tens digit of b?
6
Suppose 0 = 20*m + 58386 - 164666. What is the thousands digit of m?
5
Suppose 71*x - 81*x + 3250 = 0. What is the hundreds digit of x?
3
Let a(m) = m**3 + 5*m**2 + 3*m - 3. Let o be a(-3). Suppose 2*u - 18 = 4*t, -3*u + 2*u + o = t. Let h = u - -29. What is the units digit of h?
6
Let p(w) = -w**2 - 2*w + 3. Let o be p(-7). Let v = o + 36. Suppose -3*k + 13 = 2*z, -k = -z + 5 + v. What is the units digit of z?
8
Suppose -30 = 10*y - 5*y. What is the tens digit of ((-3)/y)/((-4)/(-424))?
5
Let f = -290 + 101. Let i = f - -265. Let x = i + -43. What is the units digit of x?
3
What is the units digit of 5 - 6*(-606)/12?
8
Let a(b) = -b**3 + 25*b**2 + 20*b + 108. What is the thousands digit of a(18)?
2
What is the hundreds digit of 7/2*28/49 + 168?
1
Let g(o) = -o + 3. Let u be g(3). Suppose -2*i + 3*r - 5 = u, 7*i - 2*i - 2*r - 15 = 0. What is the units digit of i?
5
Let v be 2/(-8)*-4*3. Suppose 0*y + y - 75 = -5*z, -z = v*y - 225. What is the units digit of y?
5
Let j(c) = 5*c - 27. Let n be j(6). Suppose 0*k - n*k = -63. What is the units digit of k?
1
Let z(p) = 5*p**2 - p. Let m be z(1). Suppose -2*y = m*l - 375 - 41, 2*y = 5*l - 511. What is the units digit of l?
3
Suppose y + 0*y - 41 = 0. Let z = 28 + y. What is the units digit of z?
9
Let s(n) = 139*n**3 - 7*n**2 + 6*n. What is the tens digit of s(1)?
3
Let t(y) = 3*y + 13. Let w be t(-11). Let d = w + 24. Suppose -d*n - 10 = -2*r + 62, 0 = -r + 5*n + 48. What is the units digit of r?
8
Let p(w) = -w - 2. Let b be p(-7). Let j(u) = -u**2 + 2*u + 6. Let z be j(b). Let h = z + 12. What is the units digit of h?
3
Let d be 9/(18/8)*1. Suppose 68 = 2*g + u - 143, g + d*u = 109. Suppose 4*a - g - 103 = 0. What is the units digit of a?
2
What is the units digit of (-60530)/(-15)*3*5/10?
3
Suppose j - 646 = 2*v, 7*j - v = 2*j + 3194. What is the units digit of j?
8
What is the tens digit of 880 - (0 + -6 + -2 + 5)?
8
Let u be 3 + 40/(-7)*(-7)/2. Let b = 10 + u. What is the units digit of b?
3
Suppose 439*s = 440*s - 2452. What is the hundreds digit of s?
4
Let z(k) = 6 + 3*k**2 - 2*k**2 - 8*k - 2*k**2 - 9. Let x = 4 + -8. What is the units digit of z(x)?
3
Let p be (1*(0 - -10))/(-2). What is the units digit of p*5/(75/(-153))?
1
Let z(w) = -w**3 - 3*w**2 + 69*w + 10. Let n be z(-10). Let j be (-2)/(-4) + (-2)/(-4). Suppose n = y - j. What is the tens digit of y?
2
Suppose 0 = -2*k - 4*b - 1420, -1051 = -5*k - 5*b - 4581. What is the units digit of k/(-10) + (-6)/30?
0
Let t(f) = -f + 16. Let d be t(8). Let r be (d/6)/((-2)/(-168)). Suppose -5*l = -0*l - h - r, l - 5*h = 32. What is the tens digit of l?
2
Suppose x - 1 = 0, -4*l - 18 = -5*l + 2*x. Suppose 0 = f + 1, -3*z + 5*z + 4*f - l = 0. What is the tens digit of z?
1
Let l be (-6)/(-10) + 2328/(-30). Suppose j - 6*j - 235 = 0. Let t = j - l. What is the tens digit of t?
3
Suppose 8*u - 281 = 7*u + 3*j, 857 = 3*u - 2*j. What is the units digit of u?
7
Let n = 45 - 16. Let m = 29 - n. What is the units digit of -2 + 43 + m + 2?
3
Suppose 27*c - 321615 = -36*c. What is the units digit of c?
5
Suppose 2*m - 9 = -1. Suppose 4*i = -m*x + 184, -3*x + 142 = i + 4*i. Let z = x - 19. What is the tens digit of z?
2
Let m(p) = -p**3 + 12*p**2 - p + 6. Let o be m(12). Let d be o/3 + 3 + 1. Suppose -d*t + 7*t + 40 = 2*a, a - 22 = 3*t. What is the units digit of a?
0
Suppose 2*x - 46 = -4*g, 6*g - 4*g = 3*x - 61. Suppose 6*q = 3*q + x. Suppose 4*n + q = b - 0*b, -5 = -b + 5*n. What is the tens digit of b?
1
Let w = 67 + -54. What is the hundreds digit of 979/7 + w/91?
1
Suppose -2*u = -z - 2*z - 53, 0 = u + 3*z - 4. Suppose b - 2*t + t = 29, -4*t + u = b. What is the units digit of b?
7
Suppose -3 = -2*s + 3. Suppose -20 = -s*h + 1. Let u(m) = m**3 - 7*m**2 + m. What is the units digit of u(h)?
7
Let t be (-2)/(1 - (-2 - -1)). Let y be t - (-6)/2*18. Suppose 2*w = y + 9. What is the tens digit of w?
3
Let i = 27 + -23. Suppose -i*w + 280 = 44. What is the tens digit of w?
5
Suppose 38 = -4*v - 394. Let t = v + 170. What is the units digit of t?
2
Let b be 9/18*(-1 + -1). Let s be b + 3 - 42/(-6). Let w(g) = -g**2 + 9*g + 10. What is the tens digit of w(s)?
1
Suppose 0 = f - 3*h, -5*h + 20 - 3 = 4*f. Let q be (f - 2)/((-4)/(-204)). Let s = q + -33. What is the tens di